ppose 874 + 142 = c*w. Suppose 2*x - w = -0*x. Is x composite?
False
Let v(b) = b**2 - 7*b + 9. Let q be v(6). Suppose -4*p + 101 = -q*c, p + 4*c - 15 = -4. Let w = p + -10. Is w prime?
True
Let w(l) = 2*l. Let d be w(1). Let u(b) be the third derivative of 55*b**4/24 - b**3/6 + 2*b**2. Is u(d) a composite number?
False
Is (25/(-10) - -3)/((-1)/(-446)) a composite number?
False
Let u(z) = -z**3 + 2*z. Let k(p) = p**2 - 6*p - 1. Let c be k(7). Let f(d) = d**2 - 5*d - 8. Let x be f(c). Is u(x) a composite number?
True
Let c be 5 + (-2)/2*1. Suppose 0 = c*g - 5*g + 47. Is g composite?
False
Let i(f) = 6*f**2 - 9*f + 5. Let g(x) = -13*x**2 + 18*x - 11. Let q(u) = 2*g(u) + 5*i(u). Is q(6) a prime number?
False
Let k(c) = c - 3. Let o be k(5). Suppose 0 = -o*l - w + 3, -22 = -4*l + 3*w - 1. Suppose -l*s - 2*s + 190 = 0. Is s a prime number?
False
Suppose 3*t + 3*t - 222 = 0. Is t prime?
True
Suppose 2*n - 13675 = -5*z - n, n = z - 2735. Is z composite?
True
Let z(j) = -j**3 + 5*j**2 - 5*j + 6. Let c be z(4). Suppose -c - 23 = -5*y. Suppose 0 = -x - 5*a + 6, -2*a + 0*a - 57 = -y*x. Is x a prime number?
True
Let h(x) = x**3 + 7*x**2 - 10*x - 7. Let g(f) = 22*f**3 + f**2 - 2*f + 1. Let v be g(1). Suppose 3*z = 2*z - 2*p + 2, 0 = -5*z - 2*p - v. Is h(z) composite?
False
Suppose -2*b - 1 - 9 = 5*n, n + 19 = 3*b. Suppose -b*h + 12 = -4*h. Is (h/(-8))/(2/(-28)) composite?
True
Suppose 3*p = 4*u + 6*p - 26, u = -5*p + 15. Suppose -3*w + 1252 = u*o + 425, 0 = -3*o - 5*w + 509. Is o a prime number?
True
Let q(n) = 2*n**3 - 4 - 3*n**3 - 2*n - 2*n**2 + n**2. Let b be q(-4). Suppose -3*c = c - b. Is c a composite number?
False
Let m be 4/28 - (-1408)/(-7). Let b = m + 340. Is b a prime number?
True
Suppose -6 = -2*u - 0*u + 2*w, w + 3 = 5*u. Let m = 3 - u. Is m prime?
True
Suppose -2*s + 2 = -s + 2*z, 4*s - 30 = 3*z. Is (-19)/(2*(-3)/s) a prime number?
True
Suppose -445 = -3*g - 2*g. Is g prime?
True
Let f(q) = 3*q**2 + 11*q + 1. Let g(l) = l**2 + 5*l + 1. Let w(i) = 2*f(i) - 5*g(i). Let y be w(3). Is (0 - y)*(-2 + 15) composite?
True
Suppose -s + t = 5*t + 4, 2 = -t. Suppose 43 = q - 2*u, 0*u = q - s*u - 33. Is q a prime number?
True
Let v(h) = -h**3 - 11*h**2 - 2*h + 4. Let i be v(-10). Let j(c) = -16*c**2 - 4*c + 1. Let l be j(-3). Let q = i - l. Is q a composite number?
True
Suppose 0 = -2*s + 3*p - 14, 5*p - 3*p = -s. Is 2/s - 58/(-4) composite?
True
Let g(d) = 2*d**2 + 10*d + 3. Suppose -8 = -2*a - 22. Is g(a) prime?
True
Suppose 5*r = 5*y - 25, -4*y = 5*r + 3 + 13. Suppose -n + 0*n + y = 0, 3*q + 3*n = 162. Is q composite?
False
Suppose -l + 5*l = 4. Is 53 - (l + (-6)/2) composite?
True
Suppose w - 5*w = 0. Is (-2)/(-1) - (w - 75) composite?
True
Let d(b) = -5*b + 1. Let k be d(-1). Suppose h + 15 = -4*h. Let w = h + k. Is w a prime number?
True
Suppose -h - 2*h - 2*o = 33, -h = 3*o + 18. Let w be 1 - (-118 - h/(-3)). Suppose -w = -2*d - 4. Is d a prime number?
True
Let c(x) = 5*x**2 - 4*x. Let k be -2*3*(-3)/(-6). Is c(k) a composite number?
True
Let n(u) = u**3 + 6*u**2 - 7*u - 4. Let v be n(-6). Let p(h) = -16*h**3 + 2*h + 1. Let z be p(-1). Let s = v - z. Is s a prime number?
True
Suppose -34 = -3*r + d, -r - d + 4 = -10. Suppose 3*k + 5*o - r = 2*k, 0 = 5*o. Let t = 27 - k. Is t composite?
True
Let b(a) = 6*a - 7. Is b(7) prime?
False
Suppose -216 = 4*s - 1852. Is s composite?
False
Let i(h) = -77*h**3. Let o(s) = -s**2 + s + 2. Let w be o(2). Suppose v + 21 = 4*g, -4*v + w*g - 19 = -3*g. Is i(v) composite?
True
Let x(o) = o**2 - 6*o + 2. Let g be x(6). Suppose 954 = g*f + f. Suppose 320 = 2*n - 2*j - j, 2*n - 2*j = f. Is n a composite number?
False
Let j = 6241 - 2252. Is j a composite number?
False
Let b be (-2)/(-11) - 928/22. Let n = -100 - b. Is -2 + n/(-2) + -2 prime?
False
Let c be (-7)/((-14)/20) - 1. Is 138/(-9)*c/(-6) a composite number?
False
Let r = -321 - -718. Is r a composite number?
False
Suppose -3*c - 4 = -5*c, -c + 269 = 3*a. Is a prime?
True
Is 1*-3*257/(-3) prime?
True
Let r(y) be the first derivative of -y**4 - 2*y**3/3 + 5*y**2/2 + y + 5. Is r(-4) a prime number?
False
Suppose 5*r - 23 = -4*h, -2 = h + r - 7. Suppose h*x - 55 = -3*v, -62 = -4*v - 2*x + 14. Is v*((-4)/6 + 1) composite?
False
Let v be -48*((-4)/(-6) - 0). Let q = v + 51. Is q prime?
True
Let c be (-605)/5 - (-1 + 2). Let u = c - -211. Is u composite?
False
Let c = 1292 - 33. Is c a composite number?
False
Suppose 0 = -5*i - 4*a - 7479, -2*i - 3002 = -3*a + 2*a. Let d = -946 - i. Suppose -2*l - 2*n + 226 = 0, 5*l + 3*n - d = n. Is l prime?
True
Let i = -105 - -592. Is i a prime number?
True
Let a = 104 + -49. Is a composite?
True
Let n = -3 - -2. Let z be n/(-4) + 39/4. Let a = 29 + z. Is a composite?
True
Suppose d = 4*y - 0*y + 135, 5*d - 2*y = 585. Is d a prime number?
False
Let y be 6362/22 - 4/22. Suppose 0 = 2*l + 4*j - 972, 7*j - 4*j - 483 = -l. Let f = l - y. Is f a prime number?
False
Suppose 0 = 4*q - 8 - 0. Suppose -5*z = -q*l - 2*z + 122, 12 = -3*z. Is l a composite number?
True
Let q be 124/(-10)*5*-1. Let h(c) = -c**2 - 3*c + 2. Let d be h(-3). Suppose -q = -2*y + d*g + 2*g, 0 = -3*y - 5*g + 104. Is y a prime number?
False
Suppose 0 = 2*z + 3*q - 6*q - 2, 4*z + 4*q - 4 = 0. Suppose -2*j = 4*k - 4, -5*k + 10 + z = j. Is (-6)/3*14/j a composite number?
False
Suppose 3*g + 8 = -4*f - g, 2*f + g - 1 = 0. Suppose -2*q - 95 = -f*q. Is q a composite number?
True
Suppose 15 = 2*s + l, -2*s = -6*s + 4*l + 12. Suppose s*b = b - 65. Let i = 28 + b. Is i a composite number?
True
Let t = 27 - 18. Suppose 0 = 5*a - t*a + 88. Is a prime?
False
Suppose l = -l + 2942. Is l a prime number?
True
Suppose -5*u = 0, -5*m + 4*u - 55 + 800 = 0. Is m a composite number?
False
Let w(j) = 2*j**2 + 7*j + 4. Is w(-5) a prime number?
True
Suppose 80 + 162 = 2*y - 4*s, 3*y - 5*s = 368. Is y a composite number?
False
Let j(g) = 8*g**2 + 2*g + 11. Let z be j(-7). Suppose 6*u = z + 133. Is u prime?
False
Let o(x) = x**3 + 7*x**2 - x - 5. Let k be o(-7). Suppose 71 + 299 = k*d. Is d a composite number?
True
Suppose 0*p = 8*p - 5656. Is p a prime number?
False
Let n be 1 + 2 + 1 + 741. Suppose -4*h - h = -n. Is h composite?
False
Let v = -786 - -2045. Is v a composite number?
False
Let x = 325 + -134. Is x a composite number?
False
Let y be (-1)/(1 - (-268)/(-264)). Suppose -2*h + y = 2*v, -2*h + 2*v = h - 109. Is h composite?
True
Suppose 3*k + k - 72 = 0. Is k/(-4)*(-68)/6 prime?
False
Is 11/4*-2*-26 prime?
False
Suppose 10*b = 6*b + 308. Is b a composite number?
True
Is (-1)/(-5) + 1434/5 prime?
False
Suppose 3*r - 5*r + 668 = 5*q, 0 = r + 1. Is q a prime number?
False
Suppose i + t = -3*t + 14, -5*i = -5*t + 5. Is ((-6)/3)/(i/(-89)) prime?
True
Is (-4)/(-32) - 2949/(-24) prime?
False
Suppose 8*q = 4*q + 16. Suppose -q*s = s - 465. Is s prime?
False
Suppose -5*s + 2*s = -15. Suppose -212 - 51 = -s*l - 4*z, 4*l - 3*z - 229 = 0. Is (-2)/((8/l)/(-4)) a prime number?
False
Let w(t) = 35*t - 5. Let s(u) = u**2 - 5*u. Let h be s(6). Is w(h) a composite number?
True
Let g = 146 + -79. Is g a prime number?
True
Let i = 6 + -3. Suppose 0 = -i*p - 15, -4*o + 2*p + 3 = -27. Suppose -2*b = -o*s - 23, -73 = -0*b - 4*b + s. Is b composite?
False
Let a(q) = -q**3 + q + 67. Let f(d) = d + 25. Let l be f(0). Suppose 4*r = -5*t - 20, 5*r + l = -t + 4*t. Is a(t) prime?
True
Let h = -136 + 270. Is h a prime number?
False
Suppose -l + 550 = 3*y, -5*y - 4*l + 49 = -856. Is y a composite number?
True
Let q be (-221)/(-3) + 4/(-6). Let v = q - 133. Let z = v + 97. Is z prime?
True
Let o(z) = 748*z**3 - z**2 + 1. Let c be o(1). Suppose 0 = -5*m - 2*g - g + c, 4*m + 4*g = 600. Is m a composite number?
False
Suppose 2*s - 69 = -s. Is s + (2 + -8)/(-3) a prime number?
False
Let h = -57 + 496. Is h composite?
False
Let s(y) = y**2 + y + 251. Suppose -q = q. Is s(q) composite?
False
Suppose 25 = 2*q + 3*q. Suppose -5*i + q*p + 85 = 0, -5*p = -i - 0 + 1. Is i a composite number?
True
Is 27045/36 - (-1)/(-4) prime?
True
Let x(l) be the second derivative of l**8/6720 + l**7/504 - l**6/240 + l**5/30 - l**4/12 + 2*l. Let r(z) be the third derivative of x(z). Is r(-5) composite?
False
Suppose -z - 2*v - 585 = -6*z, 5*v = -2*z + 263. Is z a prime number?
False
Let n be 13/5 - (-2)/5. Suppose w - 4 = -n*w. Is (51 -